NOAA-Style Climate Reports
Select a Year or Month report
2024: Jan Feb Mar Apr May Jun Jul Aug Sep Oct Nov Dec
2023: Jan Feb Mar Apr May Jun Jul Aug Sep Oct Nov Dec
2022: Jan Feb Mar Apr May Jun Jul Aug Sep Oct Nov Dec
2021: Jan Feb Mar Apr May Jun Jul Aug Sep Oct Nov Dec
2020: Jan Feb Mar Apr May Jun Jul Aug Sep Oct Nov Dec
2019: Jan Feb Mar Apr May Jun Jul Aug Sep Oct Nov Dec
2018: Jan Feb Mar Apr May Jun Jul Aug Sep Oct Nov Dec
2024: Jan Feb Mar Apr May Jun Jul Aug Sep Oct Nov Dec
2023: Jan Feb Mar Apr May Jun Jul Aug Sep Oct Nov Dec
2022: Jan Feb Mar Apr May Jun Jul Aug Sep Oct Nov Dec
2021: Jan Feb Mar Apr May Jun Jul Aug Sep Oct Nov Dec
2020: Jan Feb Mar Apr May Jun Jul Aug Sep Oct Nov Dec
2019: Jan Feb Mar Apr May Jun Jul Aug Sep Oct Nov Dec
2018: Jan Feb Mar Apr May Jun Jul Aug Sep Oct Nov Dec
Report for 2024 April
Daily noaa report MONTHLY CLIMATOLOGICAL SUMMARY for APR. 2024 NAME: KA5ZCI CITY: Laplace STATE: Louisiana ELEV: 0 LAT: 030:06:00 LONG: 0090:44:59 TEMPERATURE ( °F), RAIN (in.), WIND SPEED (mph) HEAT COOL AVG MEAN DEG DEG WIND DOM DAY TEMP HIGH TIME LOW TIME DAYS DAYS RAIN SPEED HIGH TIME DIR -------------------------------------------------------------------------------------------------------- 01 74.8 082.2 15:17 68.7 07:24 00.0 09.9 00.00 04.7 26.4 11:12 SSE 02 76.1 084.6 14:16 69.4 07:32 00.0 11.2 00.02 05.0 23.0 13:41 SSW 03 65.8 077.5 16:07 55.0 00:00 00.0 00.8 00.00 03.0 18.4 09:12 W 04 61.3 080.2 16:22 42.6 07:21 03.7 00.0 00.00 01.6 20.7 14:51 WSW 05 67.9 086.0 16:14 53.4 07:16 00.0 03.0 00.00 01.1 17.3 16:23 SW 06 66.9 079.0 16:08 54.5 06:14 00.0 02.0 00.00 03.2 19.6 09:03 ENE 07 72.6 082.6 14:59 63.7 01:38 00.0 07.7 00.00 03.6 19.6 17:23 SE 08 72.3 075.6 12:41 69.8 16:30 00.0 07.3 00.02 03.2 16.1 23:41 ESE 09 76.1 082.2 12:50 70.9 01:23 00.0 11.2 00.00 05.5 26.4 17:16 SE 10 70.0 073.8 03:17 64.8 12:01 00.0 05.0 09.89 03.3 19.6 08:18 ESE 11 65.2 078.1 16:47 55.6 00:00 00.0 00.3 00.02 04.2 24.1 07:55 WSW 12 64.2 081.5 16:42 48.2 06:53 00.7 00.0 00.00 00.6 14.9 13:21 NW 13 67.3 083.7 16:31 51.1 07:05 00.0 02.3 00.00 01.9 14.9 17:23 E 14 70.1 084.6 15:58 55.0 06:57 00.0 05.2 00.00 02.5 18.4 14:56 SSE 15 72.6 085.1 14:53 59.4 05:03 00.0 07.6 00.00 03.0 17.3 18:24 SSE 16 75.9 083.7 14:18 69.6 04:43 00.0 11.0 00.00 04.3 25.3 12:43 SE 17 76.1 083.1 13:13 70.2 07:13 00.0 11.2 00.00 02.6 13.8 11:09 SSE -------------------------------------------------------------------------------------------------------- 70.3 (70.7) 86.0 day 05 42.6 day 04 004.4 095.7 09.95 03.1 26.5 day 02 SSE Max > 86: 1 Min < 86: 17 Max Rain: 9.89 ON 10-04-24 Days of Rain: 4 (> .008in) 1 (> .08in) 1 (> 0.8in)